
True
Suppose 116014 + 499475 = 19*l - 114700. Is l a composite number?
False
Let w be 37/6 + 9/(-54). Suppose 2*r - w = 0, 0 = 5*y + 2*r + 3494 + 175. Is (6/(-13))/(-3) + y/(-39) a composite number?
False
Let l(t) = t**2 - 16*t - 55. Let j be l(-11). Suppose -j*f - 65499 = -249*f. Is f a prime number?
False
Let h be (-4)/(-2) + 0 - (3110 - -6). Let x = 1564 + h. Let n = x + 3677. Is n a composite number?
True
Let a = 162812 - 94129. Is a composite?
False
Suppose 1999*g + 593398 = 2025*g. Is g a composite number?
True
Suppose -74*w = -5*v - 76*w + 1696441, 3*w - 1357150 = -4*v. Is v composite?
False
Let x = 95 + 42. Let r(h) = 76 + 26*h**2 + 67 - x + 6*h. Is r(-4) composite?
True
Suppose 0 = -146*u + 151*u - 10. Suppose u*l - 7206 = 4*m, 0 = -6*m + m + 10. Is l a prime number?
True
Suppose 0 = -60*x + 91*x - 16454521. Is x prime?
False
Suppose -4*f = -18*f + 13622. Let l = 3058 + f. Is l composite?
True
Let r = -152 + 116. Is (-4)/9 + (-143692)/r a composite number?
True
Let b(r) = -1350*r + 569. Is b(-15) a prime number?
False
Let m(d) = 27*d**2 - 20*d + 50. Let h be m(8). Suppose 3*t + 5*n - 1648 = 0, -h = -32*t + 29*t + n. Is t a prime number?
True
Let s be (-128226)/(-15) + (-10)/25. Suppose -3*z = 3*c - 8*z - 45, -c + 2*z + 16 = 0. Is 1/5 + s/c + -2 prime?
True
Suppose -5*q + q - 2*f = 2, 0 = -3*q - 5*f - 19. Suppose 4*t + 4*z - 1 = 23, q*z + 4 = 0. Suppose -4*b = -t, n + b + b - 81 = 0. Is n composite?
True
Suppose z + 0*z - 3*u + 41 = 0, 4*z + 4*u = -84. Let t(k) = -k**3 - 26*k**2 + 9*k - 3. Let x be t(z). Let y = 440 + x. Is y a prime number?
False
Is (18/15 - 1)/((-5)/(-5275)) a composite number?
False
Suppose -3*x = 5*p - 47250 - 41638, 2*p - 4*x = 35576. Suppose -6*b + p = 4*b. Suppose -o = o - b. Is o a composite number?
True
Let q be (4/(-6))/(26/5265*15). Let a(y) = -285*y + 8. Is a(q) composite?
True
Suppose 4*i + 4*l + 24 = 0, -2*l - 10 = 3*i + 7. Is ((-2554)/(3 + i))/1 prime?
True
Let r(v) = 4704*v**2 - 186*v + 731. Is r(4) a prime number?
False
Let f = -6 - -8. Suppose -5*x + 5 = -0*x, -4*i + f*x = -102. Suppose -i*p - 982 = -28*p. Is p composite?
False
Let d = -65 + 95. Let v be 10/45*d + (-2)/3. Suppose -2*j = -2*z - 3832, j + 9576 = v*j - z. Is j a composite number?
True
Suppose 0 = 5*n + t - 126095, -2255 + 27474 = n - 4*t. Is n a prime number?
True
Let z(j) = -2*j + 12. Let m be z(7). Is (4/6 - 1)*(-10801 + m) a prime number?
False
Let x(g) = -171*g**3 + g - 178*g**3 + 411*g**3 - 4*g**2 + 1. Let t(m) = -m - 3. Let s be t(-6). Is x(s) a composite number?
True
Suppose 3*c - 3488 = -4*a, c + 545 = 5*a + 1733. Suppose 2*q + 3*s = c, 5*s - 1172 = -2*q - 0*s. Is q a prime number?
False
Suppose 138*j + 39*j - 73522083 = 0. Is j composite?
False
Suppose -4*f - 6 = -b - 7*f, -4*b + f = -63. Suppose -38*y = -b*y - 453997. Is y prime?
True
Let s = -19 + 14. Let z be -5*1/s - (-5)/1. Suppose -4164 = -6*f - z*f. Is f a prime number?
True
Suppose t + 4*k = 47815, -t + 2*k + 95570 = t. Is t prime?
True
Let j(m) = 91*m**2 - 144*m - 327. Is j(-40) composite?
True
Is (-2)/4*(-3 + 1)*(227284 - 93) a composite number?
False
Suppose -17*b + 574084 = -6099657. Is b prime?
False
Let i(j) = 15 - 24 + 4*j + 41*j**2 - 41. Is i(9) prime?
True
Let n be 1 + -14*(-11)/1. Suppose 0 = -5*g + 5*o + 2325, -1082 = -2*g - 5*o - 124. Suppose v - n = 2*x, -3*v + 2*x + 2*x = -g. Is v a prime number?
False
Let v(s) = 6736*s - 1087. Is v(3) composite?
False
Suppose -8*q + 11*q = 0, 80 = 4*s - 3*q. Let b be 0*((-2 - -2) + 1). Suppose 2*y - 66 + s = b. Is y composite?
False
Is -8 - ((-1436)/6)/(104/14508) prime?
False
Suppose 5*l - 7 - 43 = 0. Suppose 3*h - 2*y - l = 0, -2*h = -3*h - 2*y - 2. Is 238/h*(-6)/(3 + -9) composite?
True
Suppose 12 - 2 = 2*m. Suppose -4*y - 2 = -5*b + 40, -y + m*b = 18. Is 4/32 - 4583/y composite?
True
Let k = 7727 - 2996. Suppose 9*d - k = 3108. Is d a prime number?
False
Let l(c) = 16*c**2 - 4*c + 11. Let v(n) = n**2 + n + 1. Let i(k) = l(k) - 4*v(k). Suppose 24 = 2*r + d, -19*r - 3*d + 48 = -15*r. Is i(r) prime?
False
Suppose -54*r = -73*r. Suppose -2*l + 23*l - 249123 = r. Is l a composite number?
False
Let p(b) = -6 - 610*b + 110*b - 585*b - 3. Suppose 6 = -3*n, -5*m + 11*n - 7*n - 2 = 0. Is p(m) composite?
False
Let p(c) = -9519*c - 597. Is p(-6) composite?
True
Let s(n) = n**3 - 5*n**2 + 6*n - 6. Let t be s(4). Let x be 9/(-12) - ((-6686)/8 + t). Suppose 3*g - 2*o - x = 636, -1966 = -4*g - o. Is g composite?
False
Let x(k) = -765705*k**3 - 2*k**2 - 22*k - 18. Is x(-1) a prime number?
True
Let f(b) = 2*b**2 + 9*b + 8. Let z be f(-5). Suppose z*l - 23807 = 3779. Is l a composite number?
True
Let d = 719 - 648. Is d a prime number?
True
Let i = 1348992 + -538121. Is i a composite number?
False
Let w = 2799 - 1417. Is w a composite number?
True
Suppose 2*m = 1 + 1, 2*l + m = -107. Let r be (2/6)/((-18)/l). Is (1 - (r + -3))*10845/27 prime?
False
Suppose -t - 4*d + 59839 = 0, -7*t + 12*t - 10*d - 299255 = 0. Is t a prime number?
False
Suppose 5*r - r - 31288 = -2*l, -31288 = -4*r - 5*l. Is (r + 4 - -1)*1 a composite number?
True
Let n(d) be the first derivative of -651*d**2 + 7*d + 453. Let k be ((-4)/10)/((-2)/(-10)). Is n(k) prime?
False
Suppose 8*r + 3*q + 249620 = 10*r, -4*q - 374429 = -3*r. Is r composite?
True
Let o = 106940 - 42159. Is o a composite number?
False
Suppose -44*t + 183 = 35*t - 18*t. Suppose -j + 7 = -9. Suppose j = -t*i + 3127. Is i a composite number?
True
Suppose -2*o + 112688 = -7*z, -2*o - 5*z + 3*z + 112706 = 0. Is o composite?
True
Let n(l) = -2*l**2 + 3*l + 4. Let q be n(2). Suppose -g + 7349 = 4*a, -g - q*g = 5*a - 22047. Is g composite?
False
Suppose 14 = 3*c + 8. Let f be (0 - 5)/5*c*-1. Is 3829/42 + f/(-12) prime?
False
Suppose 0 = -0*l + 5*l - 15, -4*h = 5*l - 7. Let c(y) = -y + 2. Let q be c(h). Suppose -5*w = x - 196, -w - w = -q*x + 718. Is x a prime number?
True
Let w(d) = -2*d**3 - 33*d**2 + 18*d + 24. Let v be w(-17). Let o be 1456 + (-1 - (2 - v)) - 3. Let k = -439 + o. Is k composite?
True
Let q be 11*(37926/(-21) + (-5)/(-1)). Let s = q + 34468. Is s a prime number?
True
Let r = 39 + -37. Suppose -r*m = -7*m + 5. Is (3*m/3)/((-1)/(-1507)) composite?
True
Let z(t) = 51*t**2 - 4*t. Let d be z(-5). Suppose -53*n - 6 + 112 = 0. Suppose 0 = -5*r - 3*a + 6449, r = -0*a + n*a + d. Is r a prime number?
True
Let r(d) = -5*d + 1. Let v be r(-1). Let y be (-784)/(-406) - 10/(-145). Is (-21)/v*y*(-2 - 135) composite?
True
Suppose -45 = 3*w - 12*w. Suppose 4725 = w*l + 2*u, 5*l = 3*u + 3782 + 968. Is l a composite number?
False
Suppose 0 = -30*b + 25*b + 2*i + 325233, -4*i + 325269 = 5*b. Is b prime?
False
Let n be 46/(-23)*25598/(-4). Suppose -n - 1322 = -9*p. Is p a composite number?
True
Let b(v) = 5*v**2 - 11*v + 136. Is b(25) prime?
False
Let w be -4535 - ((-29)/6 + (-11)/66). Let s = 6503 + w. Is s prime?
True
Suppose 64329 = -18*l + 284271. Is (l*(-1)/4)/(123/(-164)) prime?
True
Suppose -3440 - 1894 = -7*d. Is d*((-1672)/(-48))/19 a composite number?
True
Let u(a) = 3138*a + 357. Is u(15) prime?
False
Suppose 0 = -12*f + 296128 + 415676. Suppose -22*h - h = -f. Is h a composite number?
False
Let n be ((-4)/(-6))/(10/15). Let o(q) = 21767*q**2 + 2*q - 1. Let i be o(n). Suppose -4*b - 4*d = -i, d + 3 = 8. Is b composite?
False
Let y(s) be the first derivative of 11*s**3 + s**2/2 - 29*s + 98. Is y(-18) composite?
True
Let b(f) be the second derivative of 86*f**3/3 - 213*f**2/2 - 90*f. Is b(41) a composite number?
True
Let d(t) = -t**3 - 14*t**2 - 13*t + 5. Suppose -2*z + 4*k - 38 = 0, 5*z - 4*k + 80 = k. Let y be d(z). Is y/(-25) + 8872/10 a composite number?
False
Suppose -i - 26 = -4*w, 2*w = -3*i + 7*i + 34. Let p be (-1)/(-1)*i/(-6). Is -9 - -6 - (p + -673) prime?
False
Let z be (1 + 1)*(-44)/88. Let o(x) = -66*x + 2. Let l be o(-6). Is 2/(-4)*z*l a composite number?
False
Let n(t) = -54819*t + 70. Is n(-1) a composite number?
True
Let p = 138 - 136. Is (-529116)/(-18) - (-4)/(-24)*p prime?
False
Let j = 2666 - 1752. Let c = -1396 + j. Is 10/(-2*2/c) composite?
True
Suppose -6*z + 4399142 = 7*z + 9*z. Is z a composite number?
False
Suppose u = 5*u - 2*s - 22, -1 = -2*u + 3*s. Suppose u*d - 49 - 31 = 0. Suppose -6*n + d*n = 7660. Is n prime?
False
Suppose 37*k - 910795 - 887313 = 2752633. Is k